{"id":143,"date":"2020-11-17T15:30:47","date_gmt":"2020-11-17T18:30:47","guid":{"rendered":"http:\/\/www.speedclean.cl\/web\/?page_id=143"},"modified":"2020-12-01T10:32:19","modified_gmt":"2020-12-01T13:32:19","slug":"lavanderias-a-publico","status":"publish","type":"page","link":"http:\/\/speedclean.cl\/web\/lavanderias-a-publico\/","title":{"rendered":"Lavander\u00edas a P\u00fablico"},"content":{"rendered":"<p>[et_pb_section fb_built=&#8221;1&#8243; disabled_on=&#8221;on|on|off&#8221; _builder_version=&#8221;4.7.0&#8243; _module_preset=&#8221;default&#8221; background_color=&#8221;#1e8d88&#8243; min_height=&#8221;60px&#8221; custom_padding=&#8221;0px|50px|0px|50px|false|false&#8221; global_module=&#8221;170&#8243; saved_tabs=&#8221;all&#8221;][et_pb_row column_structure=&#8221;1_5,1_5,1_5,1_5,1_5&#8243; use_custom_gutter=&#8221;on&#8221; gutter_width=&#8221;1&#8243; make_equal=&#8221;on&#8221; _builder_version=&#8221;4.7.0&#8243; _module_preset=&#8221;default&#8221; width=&#8221;48%&#8221; max_width=&#8221;100%&#8221; custom_margin=&#8221;0px||0px||false|false&#8221; custom_padding=&#8221;18px||18px||false|false&#8221;][et_pb_column type=&#8221;1_5&#8243; _builder_version=&#8221;4.7.0&#8243; _module_preset=&#8221;default&#8221; custom_padding=&#8221;||||false|false&#8221; link_option_url=&#8221;http:\/\/www.speedclean.cl\/web\/lavanderias-autoservicio\/&#8221; border_color_bottom=&#8221;#ffffff&#8221; border_width_bottom_last_edited=&#8221;off|desktop&#8221; border_width_bottom__hover_enabled=&#8221;on|hover&#8221; border_width_bottom__hover=&#8221;0px&#8221;][et_pb_text _builder_version=&#8221;4.7.0&#8243; _module_preset=&#8221;default&#8221; text_font=&#8221;Lato|700|||||||&#8221; text_text_color=&#8221;#ffffff&#8221; text_font_size=&#8221;17px&#8221; text_orientation=&#8221;center&#8221; custom_margin=&#8221;0px|10px|0px|10px|false|false&#8221; custom_padding=&#8221;0px||0px||false|false&#8221; border_color_bottom=&#8221;#ffffff&#8221; text_text_color__hover_enabled=&#8221;on|hover&#8221; text_text_color__hover=&#8221;rgba(255,255,255,0.85)&#8221; border_width_bottom__hover=&#8221;1px&#8221; border_width_bottom__hover_enabled=&#8221;on|hover&#8221; border_radii__hover_enabled=&#8221;on|hover&#8221;]<\/p>\n<p>Autoservicio<\/p>\n<p>[\/et_pb_text][\/et_pb_column][et_pb_column type=&#8221;1_5&#8243; _builder_version=&#8221;4.7.0&#8243; _module_preset=&#8221;default&#8221; link_option_url=&#8221;http:\/\/www.speedclean.cl\/web\/lavanderias-a-publico\/&#8221;][et_pb_text _builder_version=&#8221;4.7.0&#8243; _module_preset=&#8221;default&#8221; text_font=&#8221;Lato|700|||||||&#8221; text_text_color=&#8221;#ffffff&#8221; text_font_size=&#8221;17px&#8221; text_orientation=&#8221;center&#8221; custom_margin=&#8221;0px|24px|0px|24px|false|false&#8221; custom_padding=&#8221;0px||0px||false|false&#8221; border_color_bottom=&#8221;#ffffff&#8221; text_text_color__hover_enabled=&#8221;on|hover&#8221; text_text_color__hover=&#8221;rgba(255,255,255,0.85)&#8221; border_width_bottom__hover=&#8221;1px&#8221; border_width_bottom__hover_enabled=&#8221;on|hover&#8221; border_radii__hover_enabled=&#8221;on|hover&#8221;]<\/p>\n<p>Locales<\/p>\n<p>[\/et_pb_text][\/et_pb_column][et_pb_column type=&#8221;1_5&#8243; _builder_version=&#8221;4.7.0&#8243; _module_preset=&#8221;default&#8221; link_option_url=&#8221;http:\/\/www.speedclean.cl\/web\/lavanderia-industrial\/&#8221;][et_pb_text _builder_version=&#8221;4.7.0&#8243; _module_preset=&#8221;default&#8221; text_font=&#8221;Lato|700|||||||&#8221; text_text_color=&#8221;#ffffff&#8221; text_font_size=&#8221;17px&#8221; text_orientation=&#8221;center&#8221; custom_margin=&#8221;0px|22px|0px|22px|false|false&#8221; custom_padding=&#8221;0px||0px||false|false&#8221; border_color_bottom=&#8221;#ffffff&#8221; text_text_color__hover_enabled=&#8221;on|hover&#8221; text_text_color__hover=&#8221;rgba(255,255,255,0.85)&#8221; border_width_bottom__hover=&#8221;1px&#8221; border_width_bottom__hover_enabled=&#8221;on|hover&#8221; border_radii__hover_enabled=&#8221;on|hover&#8221;]<\/p>\n<p>Industrial<\/p>\n<p>[\/et_pb_text][\/et_pb_column][et_pb_column type=&#8221;1_5&#8243; _builder_version=&#8221;4.7.0&#8243; _module_preset=&#8221;default&#8221; link_option_url=&#8221;http:\/\/www.speedclean.cl\/web\/venta-de-equipos-y-suministros\/&#8221;][et_pb_text _builder_version=&#8221;4.7.0&#8243; _module_preset=&#8221;default&#8221; text_font=&#8221;Lato|700|||||||&#8221; text_text_color=&#8221;#ffffff&#8221; text_font_size=&#8221;17px&#8221; text_orientation=&#8221;center&#8221; custom_margin=&#8221;0px|6px|0px|6px|false|false&#8221; custom_padding=&#8221;0px||0px||false|false&#8221; border_color_bottom=&#8221;#ffffff&#8221; text_text_color__hover_enabled=&#8221;on|hover&#8221; text_text_color__hover=&#8221;rgba(255,255,255,0.85)&#8221; border_radii__hover_enabled=&#8221;on|hover&#8221; border_width_bottom__hover_enabled=&#8221;on|hover&#8221; border_width_bottom__hover=&#8221;1px&#8221;]<\/p>\n<p>Equipamiento<\/p>\n<p>[\/et_pb_text][\/et_pb_column][et_pb_column type=&#8221;1_5&#8243; _builder_version=&#8221;4.7.0&#8243; _module_preset=&#8221;default&#8221;][\/et_pb_column][\/et_pb_row][\/et_pb_section][et_pb_section fb_built=&#8221;1&#8243; fullwidth=&#8221;on&#8221; _builder_version=&#8221;4.7.0&#8243; bottom_divider_style=&#8221;wave2&#8243; bottom_divider_color=&#8221;#1e8d88&#8243; bottom_divider_height=&#8221;160px&#8221; bottom_divider_flip=&#8221;horizontal&#8221;][et_pb_fullwidth_slider _builder_version=&#8221;4.7.0&#8243; custom_padding=&#8221;200px||200px||false|false&#8221; auto=&#8221;on&#8221; auto_speed=&#8221;5000&#8243;][et_pb_slide _builder_version=&#8221;4.7.0&#8243; background_color=&#8221;rgba(0,0,0,0)&#8221; background_enable_color=&#8221;on&#8221; background_image=&#8221;http:\/\/www.speedclean.cl\/web\/wp-content\/uploads\/2020\/11\/speedclean-lavanderia.jpg&#8221; background_enable_image=&#8221;on&#8221; sticky_transition=&#8221;on&#8221;][\/et_pb_slide][\/et_pb_fullwidth_slider][\/et_pb_section][et_pb_section fb_built=&#8221;1&#8243; _builder_version=&#8221;4.7.0&#8243; custom_padding=&#8221;||20px||false|false&#8221;][et_pb_row _builder_version=&#8221;4.7.0&#8243; _module_preset=&#8221;default&#8221;][et_pb_column type=&#8221;4_4&#8243; _builder_version=&#8221;4.7.0&#8243; _module_preset=&#8221;default&#8221;][et_pb_text _builder_version=&#8221;4.7.0&#8243; _module_preset=&#8221;default&#8221; header_font=&#8221;Lato|900||on|||||&#8221; header_text_color=&#8221;#138e88&#8243; header_letter_spacing=&#8221;1px&#8221; custom_margin=&#8221;||5px||false|false&#8221; custom_padding=&#8221;||0px||false|false&#8221; animation_direction=&#8221;top&#8221;]<\/p>\n<h1 style=\"text-align: center;\">Lavander\u00edas a P\u00fablico<\/h1>\n<p>[\/et_pb_text][et_pb_text _builder_version=&#8221;4.7.0&#8243; _module_preset=&#8221;default&#8221; header_font=&#8221;Lato|700||on|||||&#8221; header_text_color=&#8221;#b7b7b7&#8243; header_font_size=&#8221;28px&#8221; header_letter_spacing=&#8221;1px&#8221; custom_margin=&#8221;||||false|false&#8221; animation_direction=&#8221;top&#8221;]<\/p>\n<h1 style=\"text-align: center;\">Nuestros Locales<\/h1>\n<p>[\/et_pb_text][et_pb_text _builder_version=&#8221;4.7.0&#8243; _module_preset=&#8221;default&#8221; text_font_size=&#8221;18px&#8221; custom_padding=&#8221;4px||0px|||&#8221;]<\/p>\n<p style=\"text-align: justify;\">Speed Clean est\u00e1 permanentemente preocupado de entregar el mejor servicio y calidad, para lo cual coloca a su disposici\u00f3n todo su conocimiento y experiencia en lavander\u00edas profesionales\u00a0 utilizando la mejor tecnolog\u00eda del mundo.<\/p>\n<p style=\"text-align: justify;\">Disponemos de lavander\u00edas totalmente equipadas con m\u00e1quinas lavadoras y secadoras, as\u00ed como tambi\u00e9n de equipos y qu\u00edmicos especiales para el tratamiento de manchas, y m\u00e1quinas de terminaci\u00f3n para el correcto procesamiento de sus prendas.<\/p>\n<p style=\"text-align: justify;\">Nuestro personal est\u00e1 capacitado para recibir los requerimientos de limpieza de sus prendas, brind\u00e1ndole la mejor calidad y comodidad.<\/p>\n<p style=\"text-align: justify;\">\n<ul>\n<li style=\"text-align: justify;\">Servicio de lavado, secado y planchado.<\/li>\n<li style=\"text-align: justify;\"><span style=\"color: #666666;\">Servicio <\/span>de limpieza de todo tipo de prendas con sistema Wetcleaning.<\/li>\n<li style=\"text-align: justify;\">Servicio de lavander\u00eda por carga.<\/li>\n<li style=\"text-align: justify;\">Entrega en 48 hrs.<\/li>\n<li style=\"text-align: justify;\">Servicio express con costo adicional.<\/li>\n<\/ul>\n<p>[\/et_pb_text][\/et_pb_column][\/et_pb_row][\/et_pb_section][et_pb_section fb_built=&#8221;1&#8243; _builder_version=&#8221;4.7.0&#8243; _module_preset=&#8221;default&#8221;][et_pb_row column_structure=&#8221;1_3,1_3,1_3&#8243; _builder_version=&#8221;4.7.0&#8243; _module_preset=&#8221;default&#8221;][et_pb_column type=&#8221;1_3&#8243; _builder_version=&#8221;4.7.0&#8243; _module_preset=&#8221;default&#8221; custom_padding=&#8221;||60px||false|false&#8221; border_width_right=&#8221;1px&#8221; border_color_right=&#8221;#d8d8d8&#8243; border_width_right_tablet=&#8221;0px&#8221; border_width_right_phone=&#8221;&#8221; border_width_right_last_edited=&#8221;on|desktop&#8221;][et_pb_text _builder_version=&#8221;4.7.0&#8243; _module_preset=&#8221;default&#8221; header_font=&#8221;Lato|900||on|||||&#8221; header_text_color=&#8221;#138e88&#8243; header_font_size=&#8221;23px&#8221; header_letter_spacing=&#8221;1px&#8221; header_2_font=&#8221;Lato|||on|||||&#8221; header_2_text_color=&#8221;#138e88&#8243; header_2_font_size=&#8221;27px&#8221; header_2_letter_spacing=&#8221;6px&#8221; header_2_line_height=&#8221;0.6em&#8221; custom_margin=&#8221;50px||||false|false&#8221; animation_style=&#8221;bounce&#8221;]<\/p>\n<h1 style=\"text-align: center;\">Representantes<\/h1>\n<h2 style=\"text-align: center;\">Exclusivos<\/h2>\n<p>[\/et_pb_text][\/et_pb_column][et_pb_column type=&#8221;1_3&#8243; _builder_version=&#8221;4.7.0&#8243; _module_preset=&#8221;default&#8221;][et_pb_image src=&#8221;http:\/\/www.speedclean.cl\/web\/wp-content\/uploads\/2020\/11\/schultness-logo.png&#8221; title_text=&#8221;schultness-logo&#8221; url=&#8221;https:\/\/www.schulthess.ch\/en&#8221; align=&#8221;center&#8221; _builder_version=&#8221;4.7.0&#8243; _module_preset=&#8221;default&#8221; animation_style=&#8221;fade&#8221; animation_duration=&#8221;1800ms&#8221; animation_delay=&#8221;250ms&#8221; filter_opacity__hover_enabled=&#8221;on|hover&#8221; filter_opacity__hover=&#8221;60%&#8221;][\/et_pb_image][\/et_pb_column][et_pb_column type=&#8221;1_3&#8243; _builder_version=&#8221;4.7.0&#8243; _module_preset=&#8221;default&#8221;][et_pb_image src=&#8221;http:\/\/www.speedclean.cl\/web\/wp-content\/uploads\/2020\/11\/seitz-logo.png&#8221; title_text=&#8221;seitz-logo&#8221; url=&#8221;https:\/\/www.seitz24.com\/en\/&#8221; align=&#8221;center&#8221; _builder_version=&#8221;4.7.0&#8243; _module_preset=&#8221;default&#8221; animation_style=&#8221;fade&#8221; animation_duration=&#8221;1800ms&#8221; animation_delay=&#8221;500ms&#8221; src__hover_enabled=&#8221;on|desktop&#8221; filter_opacity__hover_enabled=&#8221;on|hover&#8221; filter_opacity__hover=&#8221;60%&#8221;][\/et_pb_image][\/et_pb_column][\/et_pb_row][\/et_pb_section][et_pb_section fb_built=&#8221;1&#8243; _builder_version=&#8221;4.7.0&#8243; background_color=&#8221;#f2f2f2&#8243; custom_margin=&#8221;||||false|false&#8221; custom_padding=&#8221;||0px||false|false&#8221; top_divider_height=&#8221;60px&#8221; top_divider_flip=&#8221;horizontal&#8221; global_module=&#8221;168&#8243; saved_tabs=&#8221;all&#8221;][et_pb_row column_structure=&#8221;1_4,1_4,1_2&#8243; _builder_version=&#8221;4.7.0&#8243; custom_padding=&#8221;||0px|||&#8221;][et_pb_column type=&#8221;1_4&#8243; _builder_version=&#8221;4.7.0&#8243; animation_style=&#8221;bounce&#8221; animation_direction=&#8221;top&#8221;][et_pb_text _builder_version=&#8221;4.0.6&#8243; header_font=&#8221;Lato|700||on|||||&#8221; header_text_color=&#8221;#515151&#8243; header_font_size=&#8221;17px&#8221; header_letter_spacing=&#8221;2px&#8221; custom_margin=&#8221;0px||0px||false|false&#8221;]<\/p>\n<h1>Contacto<\/h1>\n<p>[\/et_pb_text][et_pb_divider color=&#8221;#008e88&#8243; divider_weight=&#8221;5px&#8221; _builder_version=&#8221;4.0.6&#8243; width=&#8221;51%&#8221; module_alignment=&#8221;left&#8221; custom_margin=&#8221;||0px||false|false&#8221;][\/et_pb_divider][et_pb_text _builder_version=&#8221;4.7.0&#8243; header_font=&#8221;Lato||||||||&#8221;]<\/p>\n<p>Enrique Nercasseau 2380, Providencia, Santiago.<\/p>\n<p><strong>Tel\u00e9fono Oficina:<\/strong><br \/> <span style=\"color: #008e88;\"><a style=\"color: #008e88;\">+56 2 2491 4796<\/a><\/span><br \/> <span style=\"color: #008e88;\"><a href=\"mailto:consultas@speedclean.cl\" style=\"color: #008e88;\">consultas@speedclean.cl<\/a><\/span><\/p>\n<p><strong>Servicio T\u00e9cnico:<\/strong><br \/> <span style=\"color: #008e88;\"><a href=\"http:\/\/speedclean.cl\/serviciotecnico@speedclean.cl\" style=\"color: #008e88;\">serviciotecnico@speedclean.cl<\/a><\/span><\/p>\n<p>[\/et_pb_text][\/et_pb_column][et_pb_column type=&#8221;1_4&#8243; _builder_version=&#8221;4.7.0&#8243; animation_style=&#8221;bounce&#8221; animation_direction=&#8221;top&#8221; animation_delay=&#8221;300ms&#8221;][et_pb_text _builder_version=&#8221;4.0.6&#8243; header_font=&#8221;Lato|700||on|||||&#8221; header_text_color=&#8221;#515151&#8243; header_font_size=&#8221;17px&#8221; header_letter_spacing=&#8221;2px&#8221; custom_margin=&#8221;0px||0px||false|false&#8221;]<\/p>\n<h1>Navegaci\u00f3n<\/h1>\n<p>[\/et_pb_text][et_pb_divider color=&#8221;#008e88&#8243; divider_weight=&#8221;5px&#8221; _builder_version=&#8221;4.0.6&#8243; width=&#8221;63%&#8221; module_alignment=&#8221;left&#8221; custom_margin=&#8221;||0px||false|false&#8221;][\/et_pb_divider][et_pb_text _builder_version=&#8221;4.7.0&#8243; header_font=&#8221;Lato||||||||&#8221; custom_margin=&#8221;||0px||false|false&#8221; link_option_url=&#8221;http:\/\/www.speedclean.cl\/web\/&#8221;]<\/p>\n<p>Inicio<\/p>\n<p>[\/et_pb_text][et_pb_text _builder_version=&#8221;4.7.0&#8243; header_font=&#8221;Lato||||||||&#8221; custom_margin=&#8221;||0px||false|false&#8221; link_option_url=&#8221;http:\/\/www.speedclean.cl\/web\/empresa\/&#8221;]<\/p>\n<p>Empresa<\/p>\n<p>[\/et_pb_text][et_pb_text _builder_version=&#8221;4.7.0&#8243; header_font=&#8221;Lato||||||||&#8221; custom_margin=&#8221;||0px||false|false&#8221; link_option_url=&#8221;http:\/\/www.speedclean.cl\/web\/lavanderias\/&#8221;]<\/p>\n<p>Lavander\u00edas<\/p>\n<p>[\/et_pb_text][et_pb_text _builder_version=&#8221;4.7.0&#8243; header_font=&#8221;Lato||||||||&#8221; custom_margin=&#8221;||0px||false|false&#8221; link_option_url=&#8221;http:\/\/www.speedclean.cl\/web\/lavanderias-a-publico\/&#8221;]<\/p>\n<p>Nuestros Locales<\/p>\n<p>[\/et_pb_text][et_pb_text _builder_version=&#8221;4.7.0&#8243; header_font=&#8221;Lato||||||||&#8221; custom_margin=&#8221;||||false|false&#8221; link_option_url=&#8221;http:\/\/www.speedclean.cl\/web\/contacto\/&#8221;]<\/p>\n<p>Contacto<\/p>\n<p>[\/et_pb_text][et_pb_text _builder_version=&#8221;4.7.0&#8243; header_font=&#8221;Lato||||||||&#8221; custom_margin=&#8221;||0px||false|false&#8221; link_option_url=&#8221;http:\/\/www.speedclean.cl\/web\/cuidado-de-la-ropa\/&#8221;]<\/p>\n<p>Cuidado de la ropa<\/p>\n<p>[\/et_pb_text][\/et_pb_column][et_pb_column type=&#8221;1_2&#8243; _builder_version=&#8221;4.7.0&#8243; animation_style=&#8221;bounce&#8221; animation_direction=&#8221;right&#8221; animation_delay=&#8221;600ms&#8221;][et_pb_contact_form use_spam_service=&#8221;on&#8221; recaptcha_list=&#8221;speedclean-0&#8243; email=&#8221;consultas@speedclean.cl&#8221; custom_message=&#8221;Nombre: %%Name%%||et_pb_line_break_holder||Email: %%Email%%||et_pb_line_break_holder||Tel\u00e9fono: %%Phone%%||et_pb_line_break_holder||Empresa: %%Company%%||et_pb_line_break_holder||Mensaje: %%Message%% &#8221; success_message=&#8221;Gracias! Te responderemos de inmediato.&#8221; submit_button_text=&#8221;Enviar&#8221; _builder_version=&#8221;4.7.0&#8243; form_field_custom_margin=&#8221;||13px||false|false&#8221; form_field_custom_padding=&#8221;12px||12px||false|false&#8221; form_field_font=&#8221;Lato||||||||&#8221; form_field_line_height=&#8221;1.1em&#8221; custom_button=&#8221;on&#8221; button_text_size=&#8221;15px&#8221; button_text_color=&#8221;#ffffff&#8221; button_bg_color=&#8221;#008e88&#8243; button_border_width=&#8221;0px&#8221; button_border_radius=&#8221;31px&#8221; button_font=&#8221;Lato|700||on|||||&#8221; button_use_icon=&#8221;off&#8221;][et_pb_contact_field field_id=&#8221;Name&#8221; field_title=&#8221;Nombre&#8221; fullwidth_field=&#8221;on&#8221; _builder_version=&#8221;4.0.6&#8243; button_text_size__hover_enabled=&#8221;off&#8221; button_one_text_size__hover_enabled=&#8221;off&#8221; button_two_text_size__hover_enabled=&#8221;off&#8221; button_text_color__hover_enabled=&#8221;off&#8221; button_one_text_color__hover_enabled=&#8221;off&#8221; button_two_text_color__hover_enabled=&#8221;off&#8221; button_border_width__hover_enabled=&#8221;off&#8221; button_one_border_width__hover_enabled=&#8221;off&#8221; button_two_border_width__hover_enabled=&#8221;off&#8221; button_border_color__hover_enabled=&#8221;off&#8221; button_one_border_color__hover_enabled=&#8221;off&#8221; button_two_border_color__hover_enabled=&#8221;off&#8221; button_border_radius__hover_enabled=&#8221;off&#8221; button_one_border_radius__hover_enabled=&#8221;off&#8221; button_two_border_radius__hover_enabled=&#8221;off&#8221; button_letter_spacing__hover_enabled=&#8221;off&#8221; button_one_letter_spacing__hover_enabled=&#8221;off&#8221; button_two_letter_spacing__hover_enabled=&#8221;off&#8221; button_bg_color__hover_enabled=&#8221;off&#8221; button_one_bg_color__hover_enabled=&#8221;off&#8221; button_two_bg_color__hover_enabled=&#8221;off&#8221;][\/et_pb_contact_field][et_pb_contact_field field_id=&#8221;Email&#8221; field_title=&#8221;Email&#8221; field_type=&#8221;email&#8221; fullwidth_field=&#8221;on&#8221; _builder_version=&#8221;4.0.6&#8243; button_text_size__hover_enabled=&#8221;off&#8221; button_one_text_size__hover_enabled=&#8221;off&#8221; button_two_text_size__hover_enabled=&#8221;off&#8221; button_text_color__hover_enabled=&#8221;off&#8221; button_one_text_color__hover_enabled=&#8221;off&#8221; button_two_text_color__hover_enabled=&#8221;off&#8221; button_border_width__hover_enabled=&#8221;off&#8221; button_one_border_width__hover_enabled=&#8221;off&#8221; button_two_border_width__hover_enabled=&#8221;off&#8221; button_border_color__hover_enabled=&#8221;off&#8221; button_one_border_color__hover_enabled=&#8221;off&#8221; button_two_border_color__hover_enabled=&#8221;off&#8221; button_border_radius__hover_enabled=&#8221;off&#8221; button_one_border_radius__hover_enabled=&#8221;off&#8221; button_two_border_radius__hover_enabled=&#8221;off&#8221; button_letter_spacing__hover_enabled=&#8221;off&#8221; button_one_letter_spacing__hover_enabled=&#8221;off&#8221; button_two_letter_spacing__hover_enabled=&#8221;off&#8221; button_bg_color__hover_enabled=&#8221;off&#8221; button_one_bg_color__hover_enabled=&#8221;off&#8221; button_two_bg_color__hover_enabled=&#8221;off&#8221;][\/et_pb_contact_field][et_pb_contact_field field_id=&#8221;Phone&#8221; field_title=&#8221;Tel\u00e9fono&#8221; fullwidth_field=&#8221;on&#8221; _builder_version=&#8221;4.0.6&#8243; button_text_size__hover_enabled=&#8221;off&#8221; button_one_text_size__hover_enabled=&#8221;off&#8221; button_two_text_size__hover_enabled=&#8221;off&#8221; button_text_color__hover_enabled=&#8221;off&#8221; button_one_text_color__hover_enabled=&#8221;off&#8221; button_two_text_color__hover_enabled=&#8221;off&#8221; button_border_width__hover_enabled=&#8221;off&#8221; button_one_border_width__hover_enabled=&#8221;off&#8221; button_two_border_width__hover_enabled=&#8221;off&#8221; button_border_color__hover_enabled=&#8221;off&#8221; button_one_border_color__hover_enabled=&#8221;off&#8221; button_two_border_color__hover_enabled=&#8221;off&#8221; button_border_radius__hover_enabled=&#8221;off&#8221; button_one_border_radius__hover_enabled=&#8221;off&#8221; button_two_border_radius__hover_enabled=&#8221;off&#8221; button_letter_spacing__hover_enabled=&#8221;off&#8221; button_one_letter_spacing__hover_enabled=&#8221;off&#8221; button_two_letter_spacing__hover_enabled=&#8221;off&#8221; button_bg_color__hover_enabled=&#8221;off&#8221; button_one_bg_color__hover_enabled=&#8221;off&#8221; button_two_bg_color__hover_enabled=&#8221;off&#8221;][\/et_pb_contact_field][et_pb_contact_field field_id=&#8221;Company&#8221; field_title=&#8221;Empresa&#8221; fullwidth_field=&#8221;on&#8221; _builder_version=&#8221;4.0.6&#8243; button_text_size__hover_enabled=&#8221;off&#8221; button_one_text_size__hover_enabled=&#8221;off&#8221; button_two_text_size__hover_enabled=&#8221;off&#8221; button_text_color__hover_enabled=&#8221;off&#8221; button_one_text_color__hover_enabled=&#8221;off&#8221; button_two_text_color__hover_enabled=&#8221;off&#8221; button_border_width__hover_enabled=&#8221;off&#8221; button_one_border_width__hover_enabled=&#8221;off&#8221; button_two_border_width__hover_enabled=&#8221;off&#8221; button_border_color__hover_enabled=&#8221;off&#8221; button_one_border_color__hover_enabled=&#8221;off&#8221; button_two_border_color__hover_enabled=&#8221;off&#8221; button_border_radius__hover_enabled=&#8221;off&#8221; button_one_border_radius__hover_enabled=&#8221;off&#8221; button_two_border_radius__hover_enabled=&#8221;off&#8221; button_letter_spacing__hover_enabled=&#8221;off&#8221; button_one_letter_spacing__hover_enabled=&#8221;off&#8221; button_two_letter_spacing__hover_enabled=&#8221;off&#8221; button_bg_color__hover_enabled=&#8221;off&#8221; button_one_bg_color__hover_enabled=&#8221;off&#8221; button_two_bg_color__hover_enabled=&#8221;off&#8221;][\/et_pb_contact_field][et_pb_contact_field field_id=&#8221;Message&#8221; field_title=&#8221;Mensaje&#8221; fullwidth_field=&#8221;on&#8221; _builder_version=&#8221;4.0.6&#8243; button_text_size__hover_enabled=&#8221;off&#8221; button_one_text_size__hover_enabled=&#8221;off&#8221; button_two_text_size__hover_enabled=&#8221;off&#8221; button_text_color__hover_enabled=&#8221;off&#8221; button_one_text_color__hover_enabled=&#8221;off&#8221; button_two_text_color__hover_enabled=&#8221;off&#8221; button_border_width__hover_enabled=&#8221;off&#8221; button_one_border_width__hover_enabled=&#8221;off&#8221; button_two_border_width__hover_enabled=&#8221;off&#8221; button_border_color__hover_enabled=&#8221;off&#8221; button_one_border_color__hover_enabled=&#8221;off&#8221; button_two_border_color__hover_enabled=&#8221;off&#8221; button_border_radius__hover_enabled=&#8221;off&#8221; button_one_border_radius__hover_enabled=&#8221;off&#8221; button_two_border_radius__hover_enabled=&#8221;off&#8221; button_letter_spacing__hover_enabled=&#8221;off&#8221; button_one_letter_spacing__hover_enabled=&#8221;off&#8221; button_two_letter_spacing__hover_enabled=&#8221;off&#8221; button_bg_color__hover_enabled=&#8221;off&#8221; button_one_bg_color__hover_enabled=&#8221;off&#8221; button_two_bg_color__hover_enabled=&#8221;off&#8221;][\/et_pb_contact_field][\/et_pb_contact_form][et_pb_text _builder_version=&#8221;4.7.0&#8243; _module_preset=&#8221;default&#8221; text_font_size=&#8221;11px&#8221; text_orientation=&#8221;right&#8221;]<\/p>\n<p><span>This site is protected by reCAPTCHA and the Google\u00a0<\/span><a href=\"https:\/\/policies.google.com\/privacy\"><span style=\"color: #000000;\">Privacy Policy<\/span><\/a><span>\u00a0and\u00a0<\/span><span style=\"color: #000000;\"><a href=\"https:\/\/policies.google.com\/terms\" style=\"color: #000000;\">Terms of Service<\/a><\/span><span>\u00a0apply.<\/span><\/p>\n<p>[\/et_pb_text][\/et_pb_column][\/et_pb_row][\/et_pb_section]<\/p>\n","protected":false},"excerpt":{"rendered":"<p>[et_pb_section fb_built=&#8221;1&#8243; disabled_on=&#8221;on|on|off&#8221; _builder_version=&#8221;4.7.0&#8243; _module_preset=&#8221;default&#8221; background_color=&#8221;#1e8d88&#8243; min_height=&#8221;60px&#8221; custom_padding=&#8221;0px|50px|0px|50px|false|false&#8221; global_module=&#8221;170&#8243; saved_tabs=&#8221;all&#8221;][et_pb_row column_structure=&#8221;1_5,1_5,1_5,1_5,1_5&#8243; use_custom_gutter=&#8221;on&#8221; gutter_width=&#8221;1&#8243; make_equal=&#8221;on&#8221; _builder_version=&#8221;4.7.0&#8243; _module_preset=&#8221;default&#8221; width=&#8221;48%&#8221; max_width=&#8221;100%&#8221; custom_margin=&#8221;0px||0px||false|false&#8221; custom_padding=&#8221;18px||18px||false|false&#8221;][et_pb_column type=&#8221;1_5&#8243; _builder_version=&#8221;4.7.0&#8243; _module_preset=&#8221;default&#8221; custom_padding=&#8221;||||false|false&#8221; link_option_url=&#8221;http:\/\/www.speedclean.cl\/web\/lavanderias-autoservicio\/&#8221; border_color_bottom=&#8221;#ffffff&#8221; border_width_bottom_last_edited=&#8221;off|desktop&#8221; border_width_bottom__hover_enabled=&#8221;on|hover&#8221; border_width_bottom__hover=&#8221;0px&#8221;][et_pb_text _builder_version=&#8221;4.7.0&#8243; _module_preset=&#8221;default&#8221; text_font=&#8221;Lato|700|||||||&#8221; text_text_color=&#8221;#ffffff&#8221; text_font_size=&#8221;17px&#8221; text_orientation=&#8221;center&#8221; custom_margin=&#8221;0px|10px|0px|10px|false|false&#8221; custom_padding=&#8221;0px||0px||false|false&#8221; border_color_bottom=&#8221;#ffffff&#8221; text_text_color__hover_enabled=&#8221;on|hover&#8221; text_text_color__hover=&#8221;rgba(255,255,255,0.85)&#8221; border_width_bottom__hover=&#8221;1px&#8221; border_width_bottom__hover_enabled=&#8221;on|hover&#8221; border_radii__hover_enabled=&#8221;on|hover&#8221;] Autoservicio [\/et_pb_text][\/et_pb_column][et_pb_column type=&#8221;1_5&#8243; _builder_version=&#8221;4.7.0&#8243; _module_preset=&#8221;default&#8221; link_option_url=&#8221;http:\/\/www.speedclean.cl\/web\/lavanderias-a-publico\/&#8221;][et_pb_text _builder_version=&#8221;4.7.0&#8243; _module_preset=&#8221;default&#8221; text_font=&#8221;Lato|700|||||||&#8221; text_text_color=&#8221;#ffffff&#8221; text_font_size=&#8221;17px&#8221; text_orientation=&#8221;center&#8221; [&hellip;]<\/p>\n","protected":false},"author":1,"featured_media":0,"parent":0,"menu_order":0,"comment_status":"closed","ping_status":"closed","template":"","meta":{"_et_pb_use_builder":"on","_et_pb_old_content":"","_et_gb_content_width":"1080","footnotes":""},"class_list":["post-143","page","type-page","status-publish","hentry"],"_links":{"self":[{"href":"http:\/\/speedclean.cl\/web\/wp-json\/wp\/v2\/pages\/143","targetHints":{"allow":["GET"]}}],"collection":[{"href":"http:\/\/speedclean.cl\/web\/wp-json\/wp\/v2\/pages"}],"about":[{"href":"http:\/\/speedclean.cl\/web\/wp-json\/wp\/v2\/types\/page"}],"author":[{"embeddable":true,"href":"http:\/\/speedclean.cl\/web\/wp-json\/wp\/v2\/users\/1"}],"replies":[{"embeddable":true,"href":"http:\/\/speedclean.cl\/web\/wp-json\/wp\/v2\/comments?post=143"}],"version-history":[{"count":7,"href":"http:\/\/speedclean.cl\/web\/wp-json\/wp\/v2\/pages\/143\/revisions"}],"predecessor-version":[{"id":641,"href":"http:\/\/speedclean.cl\/web\/wp-json\/wp\/v2\/pages\/143\/revisions\/641"}],"wp:attachment":[{"href":"http:\/\/speedclean.cl\/web\/wp-json\/wp\/v2\/media?parent=143"}],"curies":[{"name":"wp","href":"https:\/\/api.w.org\/{rel}","templated":true}]}}